. Suppose -p - 3*p + q = 0. What is k(p)?
5
Let x(z) = -z - 4. Let w = 10 + -10. Let v be x(w). Let c(q) be the first derivative of 2*q**2 + 2*q + 90. Give c(v).
-14
Let b(d) = 240*d - 2879. Let r be b(12). Let y(m) = 8*m**2 + m - 2. What is y(r)?
7
Suppose -588*m = -587*m. Let v(s) = m + 47*s - 59*s + 28*s - 3. What is v(2)?
29
Let h(g) = -6*g + 18. Let y be 10/(-15)*9 - (-3 + 2). Let c(f) = 7*f - 18. Let u(a) = y*c(a) - 6*h(a). What is u(8)?
-10
Let n(o) = -10291*o**2 - 9 + 5144*o**2 + 5148*o**2. What is n(-3)?
0
Let b(o) = -32*o**3 - 2*o**2 + o + 1. Let h be b(-1). Suppose 2*g = 6*g + 20, 2*w = 4*g + h. Let z(j) = -176*j + 174*j - 1 + w. Calculate z(-5).
14
Let j be (-2)/13 + (-240)/(-39). Let b(n) = j - 6*n + 2*n + 3*n. Let a(i) = 3*i - 6. Let c be a(4). What is b(c)?
0
Let t(i) = -5*i + 27. Suppose 26*w + 94 = 276. Calculate t(w).
-8
Suppose p + 12 = -3*p. Let c(q) = -q - 20. Let i(o) = -10*o - 132. Let l(a) = 8*c(a) - i(a). Let t(m) = m - 14. Let n(b) = p*l(b) + 5*t(b). What is n(10)?
4
Suppose 114 = 5*m - 4*n, -125 = -5*m - 5*n - 20. Let l(k) = -k**3 + 20*k**2 + 49*k - 53. Give l(m).
57
Let q = -10930 - -10927. Let g(r) = 12*r + 5. Give g(q).
-31
Suppose -105 + 117 = 6*o. Let i(j) = 11*j**2 - 7*j**o - 5*j**3 + 6*j**3 - 1 - j. Let q(u) = -u**2 + 11*u - 14. Let p be q(10). Give i(p).
3
Let y(s) = 174 + 194 + 3*s**2 - 378 + 36*s. Give y(-12).
-10
Let j(b) be the third derivative of -b**5/60 + 19*b**4/24 + 11*b**3/6 + 11049*b**2. Give j(20).
-9
Let m(r) = 9*r + 6*r - 3*r + 13 - 6 - 2*r. Give m(-3).
-23
Let k be (112/(-60) - 1) + (-214)/1605. Let q(d) = 7*d + 30. Determine q(k).
9
Let b be 12 + -13 - (-12)/(6 + -4). Suppose -2*a + b*r = -47, 5*a - 3*r = 3 + 67. Let z(w) = -w - 4. Determine z(a).
-15
Let n(w) = -4*w + 81. Let f(b) = 223*b - 1554. Let q be f(7). Calculate n(q).
53
Let o(d) = -d**2 + 2*d + 13. Let a(c) = 5*c**2 - 8*c - 70. Let h(j) = -a(j) - 6*o(j). Calculate h(-12).
184
Suppose h + 21 - 26 = 0. Let l(u) be the first derivative of -26 - 4/3*u**3 - 5/2*u**2 + 0*u + 1/4*u**4. Determine l(h).
0
Let k(j) be the first derivative of -j**3/3 - 5*j**2/2 + 21*j + 406. Calculate k(-8).
-3
Let d(s) = -111*s + 98. Let f(u) = -40*u + 34. Let l(g) = 4*d(g) - 11*f(g). Give l(12).
-30
Let l = 7 - 14. Let q(z) = -29 + 22 - z - 2 + 0 + 7. Give q(l).
5
Suppose 49*y - 51*y + 20 = 0. Let z(t) = 9*t - 14 - y*t - 2*t**3 + 13 - t**2. Give z(-1).
1
Let w(v) = -193976*v - 193985*v + 387945*v - 42. Determine w(-4).
22
Let g(z) = -3*z + 4*z**2 - 10 - 15547*z**3 + 15546*z**3 + 10. Calculate g(4).
-12
Let v(t) = t**2 - 12. Let o be v(8). Let g be 3/(-12)*-2*o. Let b be 4/g - 640/104. Let h(f) = f**2 + 4*f + 5. Determine h(b).
17
Let p(t) be the first derivative of t**3/3 + 21*t**2/2 + 50*t + 454. What is p(-18)?
-4
Let c be (-2)/(-3) + (-114)/36 + 637/(-182). Let s(q) be the first derivative of -q**4/4 - 7*q**3/3 - 3*q**2 + 1. Calculate s(c).
0
Suppose -15*q + 61 = 16. Let h(v) = 2 - q - 3*v + 4 + 5*v**2. Determine h(2).
17
Let o(g) = 2*g**3 - 4*g**2 + 7*g - 5. Suppose 32*j - 33 = 61*j - 40*j. What is o(j)?
34
Let f(m) = -6*m - 16. Let g be f(-4). Let k = 27 - g. Suppose 13*n - k*n = -54. Let u(r) = -r**2 + 9*r + 5. Calculate u(n).
5
Let s(j) = -4*j**3 - 7*j**2 - j - 2. Let p(x) = -17*x**3 - 41*x**2 - 5*x - 8. Let n(o) = -2*p(o) + 9*s(o). What is n(9)?
88
Let y = -632 - -660. Let p be 361/(-133) + (-8)/y. Let m(x) = -3*x - 13. What is m(p)?
-4
Let h = -142 + 145. Let j(p) be the first derivative of -1/2*p**2 + 0*p + 12. Calculate j(h).
-3
Let w(b) = b**2 - 33*b - 67. Let u(t) = 9*t**2 + 10*t - 21. Let d be u(2). Determine w(d).
3
Let w = -122 - -281. Let m = w - 149. Let r(a) = a**3 - 8*a**2 - 20*a - 6. Give r(m).
-6
Let p(j) be the third derivative of j**5/60 + 5*j**4/6 + 9*j**3 - j**2 + 51. Calculate p(-18).
18
Let b(l) = 2*l**2 + 6*l. Let m(g) = -g**2 - 4*g + 33. Let v be m(-7). Let j be 1 + (-20)/v*3. Calculate b(j).
8
Let j(b) = 3*b**2 - 5*b + 1. Let c(v) = 3*v**3 - 22*v**2 + 14*v - 47. Let q be c(7). Determine j(q).
3
Let p(n) = -n**3 - 14*n**2 - 24*n + 9. Let f(a) = 14*a**3 - 22*a**2 - 15*a + 9. Let i be f(-1). Give p(i).
9
Let y(n) = n**3 + 10*n**2 - 22. Let g be -13 + (132/(-22) - -10). Give y(g).
59
Let a(n) = -5*n**2 - 121*n - 408. Let w be a(-20). Let r(i) = 49*i - 593. Determine r(w).
-5
Let m be (10/(-25))/(3/15). Let j(g) be the third derivative of 1/24*g**4 + 1/6*g**3 + 0 - 17*g**2 + 0*g. Give j(m).
-1
Let g(x) = -5*x**2 + 20*x + 51. Let j = -20710 + 20716. What is g(j)?
-9
Let f(n) be the third derivative of -n**5/60 + n**4/6 + 4*n**3/3 - 33*n**2 - 2*n. Determine f(4).
8
Suppose 134*c - 197 = -506 - 541 - 222. Let x(q) be the second derivative of -q**4/12 - 3*q**3/2 - 3*q**2 - q. Give x(c).
2
Let q(z) = 53*z + 25. Let o(w) = -172*w - 77. Let c(k) = -4*o(k) - 13*q(k). Calculate c(-6).
-11
Let o(x) = 2267*x + 2269*x + 1 - 11*x**2 - 4538*x. Let k(l) = -l**2 + 5*l + 1. Let d be k(5). Calculate o(d).
-12
Let s(m) = m**2 + 3*m - 17. Let v = 4359 + -4366. What is s(v)?
11
Let v(a) = 3*a + 34. Let t(i) = -49*i - 686. Let c be t(-14). Determine v(c).
34
Let z(g) = g**2 - g - 45. Let a(d) = d**2 + 14*d - 147. Let h(q) = -a(q) + 3*z(q). What is h(7)?
-9
Let c(q) = -q**3 + 4*q**2 - 2*q - 1. Let z(t) = -t - 63 + 100 - 4*t. Let x be z(7). Give c(x).
3
Let o(t) = 5*t - 2*t - 4 - 4*t. Let c(y) = 14*y - 172. Let k be c(10). Let j be ((-304)/26)/(-2) + k/(-208). What is o(j)?
-10
Let l(t) = -2747*t - 19228. Let r be l(-7). Let s(c) = 7*c**3 - 3*c**2 + 2*c - 2. Let n(y) = -10*y**3 + 4*y**2 - 3*y + 3. Let p(j) = 5*n(j) + 7*s(j). Give p(r).
-2
Let v(y) = -y**2 - 4*y + 5. Let g be (-15)/(-20)*(0 - 4) + 8. Suppose -g*k - 2 = -l, -3*l + 9 - 3 = 4*k. Suppose 5*x + k = -25. Give v(x).
0
Let x(d) = d**3 + 51*d**2 - 98*d**2 + 48*d**2 - 1. Let i(y) = 7*y - 1. Let r be i(1). Suppose 0 = o + r*o. Give x(o).
-1
Let v(u) = u**2 + 103 + 14 + 0*u**2 + 18*u - 187. Calculate v(3).
-7
Let r(m) = 23*m**3 - 4*m + 3. Suppose -44*a = 132 - 97 - 79. Give r(a).
22
Let y(x) be the first derivative of -x**3/3 + x**2 + 16*x - 5327. Calculate y(-4).
-8
Let x(k) be the third derivative of k**5/60 - k**4/6 - 4*k**3/3 + k**2. Let v(b) = 29*b**2 + 2205*b + 82. Let r be v(-76). Calculate x(r).
4
Let i(b) be the second derivative of -1/360*b**6 - 1/20*b**5 + 13*b + 0*b**4 + 0*b**2 + 0 - 7/3*b**3. Let v(w) be the second derivative of i(w). What is v(-5)?
5
Let u be ((3 + -4)*3)/((-3)/4). Suppose 10 = -a - u*x, -x + 8 = -3*a + 43. Let s(w) = -w + 3. Determine s(a).
-7
Let d(u) be the first derivative of -u**3/3 - 3*u**2/2 - u - 1079. Suppose -q - 1 = 2. Give d(q).
-1
Let w = 11 + -15. Let z(u) = -3*u**3 + 4*u**2 + 65*u - 19. Let b(p) = -p**3 + 16*p - 3. Let y(f) = -4*b(f) + z(f). Give y(w).
-11
Let g(r) = 2*r**2 + 13*r - 202. Let f be g(-14). Let v(u) = u**3 - 10*u**2 + 12*u - 6. Determine v(f).
-38
Let z be (-19 - 3*(-4)/12) + 2. Let g(d) be the third derivative of d**6/120 + 4*d**5/15 - 5*d**3/6 - 44*d**2. What is g(z)?
-5
Suppose z - 3*m = -10, 7*z - 3*z + 6 = -5*m. Let d(s) be the third derivative of s**4/4 + 5*s**3/6 + 94*s**2 - 2*s - 5. Determine d(z).
-19
Let w(t) be the third derivative of -3*t**5/20 - 5*t**4/12 - t**3/3 + 2*t**2 + 728. Give w(-1).
-1
Suppose -809 + 567 = -i. Let d be i/(-34) + 6/51. Let r(g) = 2*g + 6. Calculate r(d).
-8
Let f(k) be the first derivative of -3*k**2/2 + 128*k - 677. What is f(43)?
-1
Let t be 9*(-25)/(-15)*6/(11 - -7). Let x(s) = -8*s**2 + 9*s - 26. Calculate x(t).
-181
Let r(l) = -11*l**2 + 9*l + 10. Let i be r(-1). Let b(n) = -n**2 - 12*n - 35. Calculate b(i).
-15
Let q = -1 + 0. Let j be (-4)/(-1 + 1 - q). Let k(v) = 22*v**2 + 53*v - 2. Let o(b) = 53*b**2 + 128*b - 5. Let y(p) = -12*k(p) + 5*o(p). Calculate y(j).
-1
Let i(q) be the second derivative of 3*q - 5 - 1/12*q**4 + 0*q**3 - 2/5*q**5 + 0*q**2. What is i(1)?
-9
Let x(k) = -67*k - 9*k - 1 - 5 + 77*k. Give x(-9).
-15
Let r = -11913 - -11930. Let s(w) = w - 4. What is s(r)?
13
Let w(x) = -3*x + 19. Let j(b) = -5*b + 41. Let o(g) = 2*j(g) - 5*w(g). What is o(5)?
12
Suppose 3 = -2*q - 4*m - 1, -2*m - 2 = 0. Let i be (-15)/(-1)*(4/12 + q). Let d(j) = -6*j. Determine d(i).
-30
Let k(y) be the first derivative of -y**4/4 + 4*y**3/3 - 2*y**2 + 6*y - 825. What is k(0)?
6
Let f be 48/(-2)*(-7)/(-7). S